
Suppose -t + 35*a = 33*a - 44, 4*t + 5*a = 202. What is the greatest common factor of 60 and t?
12
Let n be (48/3)/2 + 2. Let l = -18 + n. Let o = 29 + l. What is the highest common divisor of o and 21?
21
Let j(z) = 11*z**2 - 3*z + 10. Let a be j(3). Suppose -4*t - 4 - 34 = -5*u, t = 5*u - 47. Calculate the highest common divisor of u and a.
10
Let z(g) = -2*g**2 + 20 - 20 + 5*g**3 - 2*g. Let k be z(2). Let h be (20/3)/(2/21). What is the highest common divisor of h and k?
14
Suppose 5*l = 30 + 70. Let g = 56 + -40. Let f = g - -84. Calculate the highest common divisor of f and l.
20
Let i = -422 + 427. What is the highest common factor of i and 3?
1
Let a be 20/(-12)*13 - 6/(-9). Let i = 22 + a. Let s be 1/3 + 4/6. Calculate the greatest common factor of s and i.
1
Let u be -2*2/(-4)*3. Suppose u*o - 2*d - 35 - 35 = 0, o - 25 = d. What is the greatest common factor of 160 and o?
20
Let s(z) = 31*z - 361. Let y be s(16). What is the greatest common factor of y and 195?
15
Let h(r) = r + 4. Let y be h(1). Suppose -y*x + 352 = -3*d, 0*d = 2*x - 3*d - 148. Calculate the highest common factor of 17 and x.
17
Suppose -5*k + 2*g + 28 = 6*g, 2*k - g = 6. Let x(v) = -10 + 2*v + 4 + 4*v. Let j be x(k). Calculate the greatest common factor of 27 and j.
9
Let y(j) = 11*j - 256. Let o be y(24). Calculate the greatest common divisor of o and 104.
8
Suppose 124 = -2*n + 448. What is the greatest common factor of n and 18?
18
Let h be (1 - 13/3)*(10 + -13). Suppose -h*b = -19*b + 513. What is the greatest common divisor of b and 19?
19
Let g = 324 + -164. Calculate the highest common divisor of g and 60.
20
Suppose 3*b + 20 = 4*b. Suppose -o = -4*u - 26, 2*u + b = 4*o - 14. What is the greatest common divisor of o and 12?
6
Let a = 268 + -196. What is the highest common divisor of 12 and a?
12
Let o be ((-125)/15)/((-3)/27). What is the greatest common factor of o and 30?
15
Let u(n) = -3 + 7*n - 3*n + 2*n. Suppose 3*b + 6 = 4*p + 1, -5*b = 4*p - 13. Let h be u(b). Calculate the greatest common factor of h and 24.
3
Let x(i) = 3*i**2 - 68*i + 264. Let u be x(4). What is the highest common factor of 1240 and u?
40
Suppose 4*c + 2*d - 8 = 0, 0 = 3*d - 6. Calculate the highest common factor of 1 and c.
1
Let x = 322 - 319. What is the greatest common divisor of x and 69?
3
Let s = -34 + -4. Let v = 42 + s. What is the greatest common factor of v and 4?
4
Let b = 975 - 671. Suppose 0*p = -5*p - 4*r + b, 4*p = 2*r + 238. Let o = 39 + -24. What is the highest common divisor of o and p?
15
Let d(h) = -h**3 + 9*h**2 + 14*h - 4. Let t be d(10). Let o = t - 11. Let v be (-10)/45 + (-227)/(-9). Calculate the highest common divisor of o and v.
25
Suppose 6*h = 87 - 9. Suppose 8 - 19 = -k + f, -3*k = 2*f - h. What is the greatest common factor of 77 and k?
7
Suppose 4*b - 19 - 27 = -5*k, k = 2*b - 30. Let z be 2 + 1 + 2 + -5. Suppose d - 53 + 11 = z. Calculate the highest common divisor of d and b.
14
Suppose 0 = -23*d - 659 + 3051. What is the highest common divisor of d and 8?
8
Let q = 44 + -30. Calculate the greatest common factor of q and 252.
14
Let r(x) = -3*x + 72. Let v be r(23). Let t be v - 0 - 268/(-4). What is the greatest common factor of t and 10?
10
Let q(r) = -157*r**3 - r**2 + 3*r + 3. Let z be q(-1). What is the highest common factor of 364 and z?
52
Suppose 0 = -3*h + 6 + 6. Let d(l) = -2*l**2 + 4*l + 8. Let q be d(h). Let n be q/(-28) + 164/14. What is the greatest common factor of 24 and n?
12
Let s = 2 + -1. Let q(u) = 3*u - 3*u - 1 + 22*u**2. Let y be q(s). What is the greatest common factor of y and 7?
7
Let c(a) = a**3 - 16*a**2 + 16*a + 31. Let u be c(15). Calculate the greatest common factor of u and 598.
46
Let l be 1 - (-3)/(-5)*(8 + -23). Let t be 91 + (1 - 4/2). What is the highest common divisor of l and t?
10
Suppose 324 = 3*l + 12. Calculate the greatest common divisor of l and 858.
26
Let g(y) = y**2 + 39*y + 394. Let o be g(-20). What is the greatest common factor of o and 2?
2
Let a(i) = i**2 - 2*i - 1. Let y = -57 - -51. Let s be a(y). Calculate the highest common divisor of 235 and s.
47
Let g(l) = 18*l**2 + 29*l + 115. Let h be g(-9). What is the greatest common divisor of 82 and h?
82
Let j = 180 + -81. Let v = -7 + 16. What is the highest common factor of j and v?
9
Let d be (-9)/(-18) - (-78)/4. Calculate the highest common factor of d and 140.
20
Suppose 18 - 48 = -6*k. Suppose -7*n - 3*c + 226 = -k*n, -216 = -2*n + 2*c. What is the greatest common factor of 10 and n?
10
Let d be 6 + 2*(-3)/6. Suppose 14 = -3*y - d*t, -12 = 4*t - t. Suppose 0 = n - y - 0, 0 = 2*x + 3*n - 46. Calculate the highest common factor of x and 50.
10
Let h be (-12)/(12/(-4)) + (-43904)/(-32). What is the highest common divisor of h and 129?
43
Let y(d) = 27*d - 5. Let p be y(6). Let j = 18 + p. Calculate the greatest common divisor of j and 25.
25
Let k be -2 + (-10984)/(-32) - (-15)/20. What is the greatest common divisor of 54 and k?
18
Let y = -6 + 12. Let h be (0 + -1)*-1 + (-47)/(-1). What is the greatest common factor of h and y?
6
Let m = -5 - -7. Suppose -m*w - 2*z + 318 = 0, -2*w - 3*z + 319 = -2*z. What is the greatest common divisor of w and 20?
20
Let m be (91/(-2))/13*(-36)/14. Calculate the highest common divisor of 189 and m.
9
Suppose 5*a - 206 = u, -127 = -3*a + 3*u + u. What is the greatest common divisor of a and 41?
41
Let o(i) = -i**3 - i + 3. Let b be o(0). Let c be 0/(-12) + 4*b/2. Calculate the greatest common divisor of 90 and c.
6
Let n be (-26)/(-39)*150/4. Let o be n + 0/((-9)/(-3)). Suppose u - 175 = -0*u. Calculate the greatest common factor of u and o.
25
Let b = -3517 - -5227. Calculate the highest common divisor of b and 30.
30
Let g be (-2)/(-6) + (-376)/(-6). Suppose -8 = -3*u + t, -3*t = 3 + 3. Suppose -2*i + 172 = 4*q, 2 + 2 = u*i. What is the highest common factor of q and g?
21
Let s be 0/7*2/6. Let i be s/2*(-5)/(-10). Suppose -z + 35 = -i*z. What is the greatest common divisor of 7 and z?
7
Let r(d) = d**3 + d + 75. Let w be r(0). What is the greatest common divisor of w and 25?
25
Let k be 2/(-5) + (-364)/(-10). Suppose 6*h - 30 = 4*h. Suppose 3*n = 4*v - 8*v + h, 3*v + 27 = 2*n. Calculate the greatest common divisor of n and k.
9
Suppose 3*a = -a - 4. Let o be 4/(-12)*(a - 460/2). Calculate the greatest common divisor of o and 11.
11
Suppose -3*u + 4*u + 3 = 0, -u - 83 = 5*p. Let q = p + 18. Suppose -2 = 2*l - 2*o, -3*l + q*o - 5 = -2*l. Calculate the greatest common factor of 9 and l.
3
Let q be (-2)/(-3) - 60/9. Let d be (-2)/(q/(-9)) + 5. Let k be d/13 - 144/(-78). What is the greatest common factor of 16 and k?
2
Suppose 3*r - 44 = -r. Suppose 25*h - 23 - 2 = 0. What is the greatest common divisor of h and r?
1
Suppose 0 = c - 4*d - 12, 4*c - 28*d + 26*d = 104. Calculate the greatest common factor of 56 and c.
28
Suppose 2*d + 0*d = 94. Suppose -4*k = r - d, -3*k - 3*r = 7 - 31. Calculate the highest common factor of k and 52.
13
Let o be (-2392)/(-65) - 2/(-7 - 3). What is the highest common divisor of o and 37?
37
Let y = 181 - 173. Suppose 0 = -2*z + 7*z + 3*o - 67, -3*z - o + 41 = 0. Let h = 22 - z. Calculate the highest common factor of y and h.
8
Let p = -43 + 45. Suppose -2*q + 216 = p*q. Let t = -3 + 9. Calculate the highest common divisor of q and t.
6
Suppose -9*b + 17710 = b. What is the greatest common divisor of b and 77?
77
Suppose -5*p = 4*h - 2*h - 64, -4*h + 58 = 5*p. Suppose -23 + 149 = p*v. Calculate the greatest common divisor of v and 12.
3
Let x = -235 + 359. Calculate the greatest common factor of 31 and x.
31
Suppose -2*s = -52 + 60. Let t(r) = r**2 + 4*r + 8. Let x be t(s). What is the highest common factor of 72 and x?
8
Suppose 0 = -3*d + 42 - 15. Let x be -3 - -212 - 4/2. Calculate the greatest common divisor of d and x.
9
Let l be 848/(-40)*(-20)/8. Calculate the highest common divisor of 212 and l.
53
Let a be (-2 + 1)/(7/(-28)). Suppose -6*r + 26 + a = 0. Suppose -74 = -r*q + g, -q = -5*g + 3*g - 13. What is the greatest common factor of q and 105?
15
Let c = -37 + 45. Suppose 4*x - 124 = c. Calculate the highest common factor of x and 44.
11
Suppose 0 = 3*p - 2*a + 5 + 27, 2*p + 19 = -a. Let q be (p/(-3))/((-2)/(-12)). Calculate the greatest common factor of 20 and q